NOAA Reports/Αναφορές NOAA

Select a Year or Month report
2018 > Jan Feb Mar Apr May Jun Jul Aug Sep Oct Nov Dec
2017 > Jan Feb Mar Apr May Jun Jul Aug Sep Oct Nov Dec
2016 > Jan Feb Mar Apr May Jun Jul Aug Sep Oct Nov Dec

Report for 2018 Jan
                   MONTHLY CLIMATOLOGICAL SUMMARY for JAN. 2018

NAME: Zakros Weather Station   CITY: Zakros   STATE: Greece 
ELEV:   265 m  LAT:  35 06' 00" N  LONG:  26 12' 00" E

                   TEMPERATURE (C), RAIN  (mm), WIND SPEED (km/hr)

                                      HEAT  COOL        AVG
    MEAN                              DEG   DEG         WIND                 DOM
DAY TEMP  HIGH   TIME   LOW    TIME   DAYS  DAYS  RAIN  SPEED HIGH   TIME    DIR
------------------------------------------------------------------------------------
 1  12.0  15.6   13:30  10.1    7:25   6.3   0.0   0.0   6.3  45.1    9:10   WNW
 2  13.8  17.7   12:55  10.2    0:55   4.5   0.0   0.0   6.6  62.8   23:15     W
 3  12.6  15.2   11:05  10.4   17:45   5.8   0.0   2.8   6.0  46.7   14:15   WNW
 4  11.3  14.9   15:20   8.6   17:55   7.0   0.0  13.0   8.0  75.6   23:55   WNW
 5  11.1  12.4   12:30  10.2   18:20   7.2   0.0   1.6  12.4  74.0    0:05   WNW
 6  13.1  18.1   12:40  10.6    4:25   5.2   0.0   0.0   6.9  37.0    7:10   WNW
 7  12.4  15.4   10:20  10.2    4:55   5.8   0.0   0.0   5.1  19.3   12:50   WNW
 8  12.7  17.1   15:20   9.9    4:30   5.6   0.0   0.0   5.1  17.7    5:10   WNW
 9  12.5  15.9   11:15  10.3    7:30   5.8   0.0   0.0   3.9  20.9   19:55   WNW
10  12.8  15.3   12:30  10.2    0:05   5.5   0.0   0.0   6.6  29.0   12:55   ESE
11  14.7  17.8   11:55  12.6   23:45   3.6   0.0   0.2   7.1  43.5   12:30     W
12  13.6  17.3   13:35  10.9    7:35   4.7   0.0   0.8   5.3  22.5   12:05     W
13  12.6  15.5    8:55   9.9   10:40   5.7   0.0  10.4   5.8  53.1   13:30     W
14  10.8  13.1   11:40   9.5    4:45   7.5   0.0   8.6   5.1  37.0   21:50   WNW
15  10.4  12.7   13:30   8.7   20:50   7.9   0.0   0.0  10.6  45.1    8:05   WNW
16  12.2  15.3   11:40   8.9    4:00   6.1   0.0   0.0   6.9  32.2   10:15     W
17  13.6  17.2   12:45   9.4    5:25   4.8   0.0   0.0   8.4  78.9   22:35     W
18  11.2  14.5    1:10   6.8   18:00   7.1   0.0   4.0  10.3  57.9    0:25     W
19  10.6  14.0   14:30   8.7    6:25   7.7   0.0   0.0   6.1  56.3    1:20   WNW
20  12.4  15.8   12:00   9.1    0:55   5.9   0.0   0.0   6.3  41.8   19:15   ESE
21  13.7  15.2   11:00  12.2   23:50   4.6   0.0   0.4  12.7  57.9   22:40   ESE
22  11.7  16.4   11:05   8.3   16:25   6.6   0.0   8.6   7.9  49.9   20:20     W
23  10.0  12.3   11:25   8.3    7:05   8.3   0.0   2.2   6.8  53.1   22:10   WNW
24   7.9   9.2    0:45   6.2   18:40  10.4   0.0   4.0   9.5  51.5   17:10   WNW
25   7.0   8.2   12:40   5.8    7:35  11.3   0.0   1.8  15.1  80.5   15:25   WNW
26   7.9   9.5   14:05   6.4    5:30  10.3   0.0   0.0  17.4  64.4   15:45   WNW
27   9.4  10.9   11:30   8.5    3:10   8.9   0.0   0.0  21.6  67.6   12:30   WNW
28  10.7  13.0   12:05   9.4    0:50   7.6   0.0   0.0  26.2  64.4    8:45     W
29  11.8  14.1   12:10  10.3    0:05   6.5   0.0   0.0  21.6  62.8   11:25   WNW
30  12.7  18.1   12:15   9.3   23:40   5.6   0.0   0.0   7.9  41.8    2:40   WNW
31  11.5  15.3   10:50   8.5    4:30   6.8   0.0   0.0   5.1  17.7    3:50   WNW
-------------------------------------------------------------------------------------
    11.6  18.1     6     5.8    25   206.5   0.0  58.4   9.4  80.5    25     WNW

Max >=  32.0:  0
Max <=   0.0:  0
Min <=   0.0:  0
Min <= -18.0:  0
Max Rain: 13.00 ON 04/01/18
Days of Rain: 13 (> .2 mm) 8 (> 2 mm) 0 (> 20 mm)
Heat Base:  18.3  Cool Base:  18.3  Method: Integration