NOAA Reports/Αναφορές NOAA

Select a Year or Month report
2018 > Jan Feb Mar Apr May Jun Jul Aug Sep Oct Nov Dec
2017 > Jan Feb Mar Apr May Jun Jul Aug Sep Oct Nov Dec
2016 > Jan Feb Mar Apr May Jun Jul Aug Sep Oct Nov Dec

Report for 2017 Dec
                   MONTHLY CLIMATOLOGICAL SUMMARY for DEC. 2017

NAME: Zakros Weather Station   CITY: Zakros   STATE: Greece 
ELEV:   265 m  LAT:  35 06' 00" N  LONG:  26 12' 00" E

                   TEMPERATURE (C), RAIN  (mm), WIND SPEED (km/hr)

                                      HEAT  COOL        AVG
    MEAN                              DEG   DEG         WIND                 DOM
DAY TEMP  HIGH   TIME   LOW    TIME   DAYS  DAYS  RAIN  SPEED HIGH   TIME    DIR
------------------------------------------------------------------------------------
 1  17.0  18.9   12:15  15.4    0:05   1.3   0.0   0.0   9.7  40.2   10:00   ESE
 2  17.0  18.3   10:15  16.5   17:50   1.3   0.0   0.0  10.5  40.2   11:20   ESE
 3  17.1  20.8   12:15  15.0   22:10   1.4   0.1   0.0   5.5  29.0    1:10   ESE
 4  16.3  20.0   12:50  14.3    6:10   2.1   0.2   0.0   2.9  20.9   14:40     W
 5  13.1  16.7   12:25   9.3   22:15   5.2   0.0   4.0   4.3  32.2   11:25   WNW
 6   9.1  10.7    0:10   7.3    8:00   9.2   0.0   2.2   8.4  49.9   14:45   WNW
 7  11.4  14.2   12:50   9.5    0:25   6.9   0.0   0.0   5.0  41.8    0:05   WNW
 8  12.7  17.2   13:30   9.5    4:40   5.6   0.0   0.0   5.1  24.1   11:30   WNW
 9  13.8  17.4   13:05  10.3    4:15   4.5   0.0   0.0   8.2  40.2   23:20     W
10  15.3  17.8   11:50  12.9   22:00   3.0   0.0   0.0  10.3  49.9    1:40     W
11  13.8  16.7   14:05  11.7    3:20   4.5   0.0   0.0   3.7  16.1    5:50   WNW
12  14.2  17.4   12:10  11.8    3:45   4.1   0.0   0.0   4.8  29.0   22:40   WNW
13  15.6  18.8   12:05  12.8   21:25   2.8   0.0   0.0   6.8  35.4    4:55   WNW
14  14.7  19.3   14:30  11.8    3:00   3.7   0.0   0.0   4.0  19.3   14:15   WNW
15  14.9  18.2   11:15  12.2   00:00   3.4   0.0   0.0   4.2  22.5    5:10   WNW
16  16.0  17.9   12:55  12.2    0:05   2.3   0.0   0.0  10.0  41.8   19:15     W
17  16.4  18.1   12:05  14.1   22:15   1.8   0.0   0.0   6.4  33.8    2:40   ESE
18  14.8  18.4   13:10  13.4   23:05   3.4   0.0   0.0   7.7  37.0   22:25     W
19  12.8  14.8   12:15  11.5   00:00   5.5   0.0   0.0   3.4  17.7    0:50     W
20  11.4  12.7   11:55  10.7   22:15   6.9   0.0   0.0   2.6  20.9   13:55   WNW
21  12.2  15.1   12:00   9.8    7:10   6.1   0.0   0.0   3.9  22.5   18:20   WNW
22  14.8  16.8   16:10  12.3    0:40   3.5   0.0  10.6   6.4  38.6   19:40   WNW
23   9.8  13.3    0:05   8.4   23:35   8.5   0.0  17.4   8.4  51.5   13:50   WNW
24   8.8  10.9   23:20   6.4    7:00   9.5   0.0   0.4   9.0  49.9   12:10   WNW
25  11.9  14.7   11:45   9.6   22:15   6.4   0.0   0.0   7.9  48.3    0:50   WNW
26  12.3  16.8   13:25   8.8    4:30   6.0   0.0   0.0   3.1  19.3   13:55   WNW
27  12.8  15.1   14:25  11.0   00:00   5.5   0.0   0.0   2.4  14.5    3:30   WNW
28  13.7  16.6   11:50  10.6    3:20   4.6   0.0   0.2   5.1  33.8   13:35     W
29  12.8  14.6    1:35  10.8   19:50   5.5   0.0  16.8   5.5  45.1    7:15     W
30  11.8  15.7   13:05   8.8   23:50   6.5   0.0   4.6   4.2  30.6    1:25     W
31  10.5  13.4   11:45   8.2    4:05   7.8   0.0   7.8   6.0  37.0   17:25   WNW
-------------------------------------------------------------------------------------
    13.5  20.8     3     6.4    24   148.7   0.4  64.0   6.0  51.5    23     WNW

Max >=  32.0:  0
Max <=   0.0:  0
Min <=   0.0:  0
Min <= -18.0:  0
Max Rain: 17.40 ON 23/12/17
Days of Rain: 9 (> .2 mm) 7 (> 2 mm) 0 (> 20 mm)
Heat Base:  18.3  Cool Base:  18.3  Method: Integration