NOAA Reports/Αναφορές NOAA

Select a Year or Month report
2018 > Jan Feb Mar Apr May Jun Jul Aug Sep Oct Nov Dec
2017 > Jan Feb Mar Apr May Jun Jul Aug Sep Oct Nov Dec
2016 > Jan Feb Mar Apr May Jun Jul Aug Sep Oct Nov Dec

Report for 2017 Nov
                   MONTHLY CLIMATOLOGICAL SUMMARY for NOV. 2017

NAME: Zakros Weather Station   CITY: Zakros   STATE: Greece 
ELEV:   265 m  LAT:  35 06' 00" N  LONG:  26 12' 00" E

                   TEMPERATURE (C), RAIN  (mm), WIND SPEED (km/hr)

                                      HEAT  COOL        AVG
    MEAN                              DEG   DEG         WIND                 DOM
DAY TEMP  HIGH   TIME   LOW    TIME   DAYS  DAYS  RAIN  SPEED HIGH   TIME    DIR
------------------------------------------------------------------------------------
 1  14.5  16.9   11:15  13.2   18:05   3.8   0.0   0.0   6.3  37.0    5:40   WNW
 2  13.9  16.3   13:30  12.7   23:25   4.4   0.0   0.0   8.9  43.5   19:15   WNW
 3  14.8  18.8   12:45  11.8    5:35   3.5   0.0   0.0   3.1  24.1    0:20   WNW
 4  15.5  20.6   13:45  13.2    4:00   2.9   0.1   5.0   2.7  24.1   20:55   WNW
 5  15.2  17.5   12:15  13.4    0:40   3.1   0.0   0.0   5.8  33.8   15:25   WNW
 6  14.9  18.5   13:15  12.5   23:55   3.4   0.0   0.0   9.0  38.6    0:05     W
 7  15.1  18.9   12:20  11.8    2:20   3.2   0.0   0.0   4.0  17.7   12:55   WNW
 8  19.1  25.6   11:50  14.8    2:40   1.0   1.8   0.0   6.0  45.1   16:35   WNW
 9  17.6  20.3   12:35  15.8   23:15   1.0   0.3   0.0   6.4  22.5    5:05     W
10  16.4  19.5   12:15  14.7   22:05   1.9   0.1   0.0   4.5  24.1   23:10   WNW
11  17.1  21.2   12:10  14.0    4:45   1.7   0.5   0.0   5.3  24.1    1:50   WNW
12  16.6  18.6   10:05  14.7    6:00   1.7   0.0   0.0   6.1  32.2   12:05   ESE
13  17.2  20.0   12:55  14.6   00:00   1.3   0.2   0.8  11.6  51.5    9:30   ESE
14  17.2  21.1   13:40  13.5    3:20   1.6   0.5   0.0   3.9  29.0   12:15   ESE
15  18.1  20.3   12:15  16.6    6:55   0.6   0.3   1.4   4.3  24.1   10:10   ESE
16  17.4  19.6   11:10  15.8    4:35   1.1   0.2   0.0   3.1  24.1    9:05   ESE
17  17.8  20.5   11:05  15.9    0:55   0.8   0.3   0.0   4.7  32.2   10:25   ESE
18  17.2  20.3   10:35  14.6    6:45   1.4   0.3   0.0   3.7  29.0    8:55     W
19  16.8  20.3   12:40  14.0    6:40   1.8   0.3   0.0   6.3  27.4    1:00     W
20  15.8  20.3   13:45   9.9   22:55   2.8   0.2   9.4   7.9  41.8   18:50     W
21  11.4  14.1   13:20  10.0   18:05   6.8   0.0   0.0   5.1  37.0    9:45   WNW
22  12.6  17.4   13:55  10.1    6:05   5.7   0.0   0.0   3.1  22.5   10:25   WNW
23  14.5  18.8   13:50  11.3    5:20   3.8   0.0   0.0   2.4  14.5   13:55   WNW
24  15.4  18.7   12:35  12.7    0:35   2.9   0.0   0.0   4.3  20.9    4:10   WNW
25  14.4  17.5   13:25  12.4    5:15   3.9   0.0   0.0   4.3  12.9    0:30   WNW
26  14.5  17.8    9:50  12.7    1:40   3.8   0.0   0.0   2.9  16.1    1:40   WNW
27  15.3  18.4   12:35  13.1    0:05   3.0   0.0  10.0   6.8  51.5   10:20     W
28  13.2  16.8   11:10  10.2   22:25   5.1   0.0   0.4   4.2  30.6    0:40   WNW
29  13.3  17.3   13:10   9.9    1:20   5.0   0.0   0.0   2.1  17.7    6:25   WNW
30  15.9  19.1   12:25  12.7    1:25   2.4   0.1   0.0   7.6  43.5   16:25     W
-------------------------------------------------------------------------------------
    15.6  25.6     8     9.9    20    85.3   5.3  27.0   5.2  51.5    13     WNW

Max >=  32.0:  0
Max <=   0.0:  0
Min <=   0.0:  0
Min <= -18.0:  0
Max Rain: 10.01 ON 27/11/17
Days of Rain: 6 (> .2 mm) 3 (> 2 mm) 0 (> 20 mm)
Heat Base:  18.3  Cool Base:  18.3  Method: Integration