NOAA Reports/Αναφορές NOAA

Select a Year or Month report
2018 > Jan Feb Mar Apr May Jun Jul Aug Sep Oct Nov Dec
2017 > Jan Feb Mar Apr May Jun Jul Aug Sep Oct Nov Dec
2016 > Jan Feb Mar Apr May Jun Jul Aug Sep Oct Nov Dec

Report for 2017 Oct
                   MONTHLY CLIMATOLOGICAL SUMMARY for OCT. 2017

NAME: Zakros Weather Station   CITY: Zakros   STATE: Greece 
ELEV:   265 m  LAT:  35 06' 00" N  LONG:  26 12' 00" E

                   TEMPERATURE (C), RAIN  (mm), WIND SPEED (km/hr)

                                      HEAT  COOL        AVG
    MEAN                              DEG   DEG         WIND                 DOM
DAY TEMP  HIGH   TIME   LOW    TIME   DAYS  DAYS  RAIN  SPEED HIGH   TIME    DIR
------------------------------------------------------------------------------------
 1  19.8  23.2   13:25  17.9    7:25   0.0   1.5   0.0   6.4  37.0   17:30   WNW
 2  19.5  22.3   14:35  17.4    3:35   0.1   1.3   0.0   7.6  43.5   14:25   WNW
 3  18.8  21.6   11:25  17.3    2:05   0.3   0.8   0.0  12.2  48.3   14:30   WNW
 4  18.8  21.5   15:20  17.4    3:20   0.3   0.9   0.0  18.5  54.7    6:40     W
 5  20.0  23.0   13:55  17.8    3:45   0.1   1.8   0.0  11.9  49.9    8:40   WNW
 6  22.8  27.8   11:55  19.6    7:30   0.0   4.5   0.0   4.3  29.0    1:15   WNW
 7  21.7  25.8   16:05  20.1   10:15   0.0   3.3  69.0   3.4  22.5   10:35   ESE
 8  19.3  22.6   12:50  15.4   23:05   0.5   1.5   0.6   6.9  30.6   12:15   WNW
 9  17.7  20.7   14:10  14.9    1:20   1.2   0.5   0.0   4.7  32.2   14:20   WNW
10  18.4  21.5   13:00  16.1    5:10   0.7   0.8   0.0   5.0  35.4   13:10   WNW
11  18.6  21.7   14:15  16.8    4:35   0.5   0.9   0.0   7.9  49.9   13:45   WNW
12  19.0  22.1   14:15  16.9    1:05   0.4   1.0   0.0   6.9  41.8   10:05   WNW
13  18.9  22.1   13:20  17.2    3:05   0.4   1.0   0.0  13.0  40.2    9:50   WNW
14  19.3  22.1   12:25  17.1    6:05   0.2   1.3   0.0  11.9  46.7   15:00   WNW
15  18.5  20.8   13:50  17.0    6:45   0.4   0.6   0.0  15.9  59.5   19:35   WNW
16  19.3  22.2   13:50  17.2    0:30   0.2   1.2   0.0  17.2  54.7    8:45   WNW
17  19.4  22.4   14:35  17.9   21:05   0.1   1.2   0.0  12.4  41.8   15:55   WNW
18  19.7  24.4   11:35  16.7    7:20   0.3   1.8   0.0   6.9  32.2    0:35   WNW
19  19.3  23.0   13:45  16.4    6:55   0.4   1.4   0.0   3.1  17.7   13:50   WNW
20  19.9  23.6   13:50  16.9    0:15   0.1   1.8   0.0   3.7  29.0    1:30     W
21  20.6  24.9   11:25  16.6    5:25   0.2   2.5   0.0   3.5  29.0    1:40   WNW
22  20.4  25.0   13:45  16.9    6:00   0.1   2.3   0.0   2.4  17.7   13:55   WNW
23  20.3  23.7   15:20  17.4    6:15   0.1   2.1   0.0   9.0  38.6   18:00     W
24  19.5  22.7   14:05  17.1   00:00   0.1   1.3   6.0   7.1  49.9    2:05     W
25  18.3  21.6   14:35  15.4    6:30   0.8   0.8   0.0   3.7  25.7   13:55     W
26  18.0  21.9   14:05  15.2    4:20   1.0   0.7   0.0   5.3  25.7   14:50   WNW
27  16.9  20.3   13:00  15.6   17:05   1.4   0.1   5.8   9.3  33.8   14:50   WNW
28  18.4  20.9   12:15  15.4    7:40   0.8   0.9   0.0   6.8  35.4    3:00     W
29  15.8  19.2    0:15  13.6   19:25   2.5   0.0   9.0   4.5  37.0    1:15   WNW
30  17.7  22.1   10:35  13.3    2:50   1.5   0.9   0.0   4.3  22.5   10:45   WNW
31  16.6  20.1   10:55  14.3   20:15   1.9   0.2   0.2   2.9  19.3   13:10   WNW
-------------------------------------------------------------------------------------
    19.1  27.8     6    13.3    30    16.7  40.9  90.6   7.7  59.5    15     WNW

Max >=  32.0:  0
Max <=   0.0:  0
Min <=   0.0:  0
Min <= -18.0:  0
Max Rain: 69.01 ON 07/10/17
Days of Rain: 6 (> .2 mm) 4 (> 2 mm) 1 (> 20 mm)
Heat Base:  18.3  Cool Base:  18.3  Method: Integration