NOAA Reports/Αναφορές NOAA

Select a Year or Month report
2018 > Jan Feb Mar Apr May Jun Jul Aug Sep Oct Nov Dec
2017 > Jan Feb Mar Apr May Jun Jul Aug Sep Oct Nov Dec
2016 > Jan Feb Mar Apr May Jun Jul Aug Sep Oct Nov Dec

Report for 2017 Sep
                   MONTHLY CLIMATOLOGICAL SUMMARY for SEP. 2017

NAME: Zakros Weather Station   CITY: Zakros   STATE: Greece 
ELEV:   265 m  LAT:  35 06' 00" N  LONG:  26 12' 00" E

                   TEMPERATURE (C), RAIN  (mm), WIND SPEED (km/hr)

                                      HEAT  COOL        AVG
    MEAN                              DEG   DEG         WIND                 DOM
DAY TEMP  HIGH   TIME   LOW    TIME   DAYS  DAYS  RAIN  SPEED HIGH   TIME    DIR
------------------------------------------------------------------------------------
 1  22.7  25.9   13:55  20.5    2:15   0.0   4.4   0.0  21.9  66.0    3:05     W
 2  25.8  30.1   13:45  22.1    0:05   0.0   7.5   0.0  12.6  48.3    5:00   WNW
 3  28.3  33.2   15:15  24.3    3:55   0.0  10.0   0.0   9.8  51.5    4:10     W
 4  26.7  30.8   14:05  23.0    6:20   0.0   8.4   0.0   9.0  45.1   20:10     W
 5  25.7  30.3   13:45  22.5    6:45   0.0   7.4   0.0   9.2  45.1    5:55     W
 6  22.8  25.5   11:25  20.6   00:00   0.0   4.5   0.0   8.2  45.1   10:25   WNW
 7  22.5  26.2   12:55  19.8   00:00   0.0   4.2   0.0  10.5  48.3    5:40   WNW
 8  22.9  26.9   10:10  18.9    0:55   0.0   4.7   0.0   3.9  24.1   13:10   WNW
 9  25.3  30.0   18:15  20.7    1:40   0.0   7.0   0.0   3.2  20.9   13:05   WNW
10  27.6  35.8   10:35  23.1    4:05   0.0   9.3   0.0   3.4  20.9    9:35   WNW
11  28.7  35.3   15:40  22.6    5:30   0.0  10.3   0.0   7.7  35.4   16:20     W
12  26.7  31.8    0:25  21.6   00:00   0.0   8.4   0.0   7.9  56.3    3:45     W
13  24.1  29.2   15:15  19.8    3:50   0.0   5.8   0.0   3.4  27.4   14:35     W
14  26.0  30.3   14:40  23.0    0:05   0.0   7.7   0.0   9.5  38.6    0:55   WNW
15  26.4  30.7   14:20  23.3    6:40   0.0   8.1   0.0   9.0  38.6    3:30     W
16  26.4  31.0   13:10  23.8    4:45   0.0   8.2   0.0  16.1  43.5    4:50     W
17  27.1  30.8   13:55  24.4    6:15   0.0   8.8   0.0  19.8  46.7   22:15     W
18  30.1  33.8   15:25  26.4    0:15   0.0  11.8   0.0  13.4  53.1    0:15     W
19  30.3  36.3   11:20  25.3   22:00   0.0  12.0   0.0   3.2  25.7    1:00   WNW
20  29.3  36.8   13:45  24.0    5:55   0.0  11.0   0.0   6.9  43.5   16:30     W
21  23.6  26.7   14:10  20.8   23:45   0.0   5.3   0.0   4.2  30.6   14:45     W
22  21.7  25.1   14:25  19.4   22:40   0.0   3.3   0.0   6.8  37.0    9:15   WNW
23  21.4  24.6   12:55  19.2    7:20   0.0   3.1   0.0   4.0  30.6   14:05   WNW
24  21.1  24.5   13:20  19.1    5:20   0.0   2.8   0.0   5.6  43.5   10:50   WNW
25  21.7  25.7   15:00  18.2    7:05   0.0   3.4   0.0   6.1  33.8    4:25     W
26  22.0  25.3   13:25  18.9    6:00   0.0   3.7   0.0   4.7  20.9    0:40   WNW
27  21.9  25.7   12:05  19.5    7:20   0.0   3.6   0.0   4.0  30.6   21:20   WNW
28  21.6  25.2   13:35  19.9    5:50   0.0   3.3   0.0  12.1  38.6    1:30     W
29  20.4  23.6   13:30  18.6   23:55   0.0   2.2   1.6   8.0  33.8    1:50     W
30  19.8  23.3   12:40  18.1    7:15   0.0   1.5   0.0   4.5  29.0    0:30   WNW
-------------------------------------------------------------------------------------
    24.7  36.8    20    18.1    30     0.0 191.9   1.6   8.3  66.0     1       W

Max >=  32.0:  6
Max <=   0.0:  0
Min <=   0.0:  0
Min <= -18.0:  0
Max Rain: 1.60 ON 29/09/17
Days of Rain: 1 (> .2 mm) 0 (> 2 mm) 0 (> 20 mm)
Heat Base:  18.3  Cool Base:  18.3  Method: Integration