NOAA Reports/Αναφορές NOAA

Select a Year or Month report
2018 > Jan Feb Mar Apr May Jun Jul Aug Sep Oct Nov Dec
2017 > Jan Feb Mar Apr May Jun Jul Aug Sep Oct Nov Dec
2016 > Jan Feb Mar Apr May Jun Jul Aug Sep Oct Nov Dec

Report for 2017 Jul
                   MONTHLY CLIMATOLOGICAL SUMMARY for JUL. 2017

NAME: Zakros Weather Station   CITY: Zakros   STATE: Greece 
ELEV:   265 m  LAT:  35 06' 00" N  LONG:  26 12' 00" E

                   TEMPERATURE (C), RAIN  (mm), WIND SPEED (km/hr)

                                      HEAT  COOL        AVG
    MEAN                              DEG   DEG         WIND                 DOM
DAY TEMP  HIGH   TIME   LOW    TIME   DAYS  DAYS  RAIN  SPEED HIGH   TIME    DIR
------------------------------------------------------------------------------------
 1  32.8  36.6   14:55  30.5   23:40   0.0  14.6   0.0  15.3  49.9   19:55   WNW
 2  34.1  38.3   14:50  30.6    5:05   0.0  15.7   0.0  16.9  43.5    3:30   WNW
 3  32.4  38.8   10:40  25.1   00:00   0.0  14.2   0.0  10.3  49.9   23:00   WNW
 4  25.4  28.8   13:30  22.5   23:25   0.0   7.1   0.0  12.1  59.5   22:50   WNW
 5  23.2  25.6   13:55  21.7    6:20   0.0   4.9   0.0  25.3  70.8    6:35     W
 6  23.2  25.6   12:20  21.8    5:30   0.0   4.8   0.0  27.4  64.4   23:05     W
 7  24.6  27.9   17:45  22.0    0:05   0.0   6.3   0.0  24.3  66.0    5:25   WNW
 8  24.9  27.9   13:40  22.4    6:10   0.0   6.6   0.0  16.1  57.9   16:30   WNW
 9  26.3  29.6   14:55  23.5    6:15   0.0   8.0   0.0  14.0  49.9   15:10   WNW
10  28.4  32.4   15:35  24.9    0:05   0.0  10.1   0.0  19.0  54.7    4:00     W
11  27.9  30.4   15:40  25.8   22:25   0.0   9.6   0.0  22.2  56.3   23:50     W
12  28.9  32.3   13:55  25.7    1:25   0.0  10.6   0.0  23.5  57.9    1:00     W
13  31.4  36.1   14:15  27.9   23:40   0.0  13.1   0.0  13.5  40.2   12:40   WNW
14  29.6  32.7   13:05  27.2   21:15   0.0  11.3   0.0  18.3  56.3    9:45     W
15  28.5  32.0   12:25  25.6    5:20   0.0  10.2   0.0  19.5  49.9    8:45   WNW
16  28.2  32.6   10:50  24.8   23:40   0.0   9.9   0.0  10.5  46.7    3:55     W
17  25.1  27.4   15:55  22.4    6:05   0.0   6.8   0.0   3.7  20.9   15:05   WNW
18  24.1  27.8   15:35  21.4   00:00   0.0   5.8   0.0   6.1  33.8   17:30   WNW
19  22.8  25.4   13:10  20.8    3:00   0.0   4.5   0.0  16.6  54.7   23:55   WNW
20  23.9  26.8   14:10  22.3    0:25   0.0   5.7   0.0  25.7  57.9    6:45     W
21  24.5  27.7   14:50  22.3    6:10   0.0   6.2   0.0  25.3  61.2    4:05     W
22  25.3  28.5   12:35  23.4    0:05   0.0   7.1   0.0  24.6  56.3   19:40     W
23  27.1  30.3   17:05  24.1    6:10   0.0   8.8   0.0  22.7  57.9    0:50     W
24  29.6  33.6   15:40  26.0    3:25   0.0  11.3   0.0  16.6  49.9   10:05   WNW
25  32.0  35.7   14:20  26.9   23:50   0.0  13.7   0.0   7.9  41.8    6:45   WNW
26  29.8  37.7   13:50  23.9   00:00   0.0  11.5   0.0   4.3  35.4   15:35     W
27  25.2  28.2   12:20  22.2    5:35   0.0   6.9   0.0   3.5  20.9   15:55   WNW
28  25.4  28.9   11:30  21.8    3:15   0.0   7.1   0.0   5.5  27.4    8:30     W
29  25.6  29.0   13:30  22.7    6:20   0.0   7.3   0.0   9.2  37.0   14:25   WNW
30  26.2  29.9   15:20  23.2    5:20   0.0   7.9   0.0  19.0  59.5    5:30     W
31  25.8  28.7   12:25  23.6   21:20   0.0   7.5   0.0  22.7  53.1    1:00     W
-------------------------------------------------------------------------------------
    27.2  38.8     3    20.8    19     0.0 275.1   0.0  16.2  70.8     5     WNW

Max >=  32.0: 12
Max <=   0.0:  0
Min <=   0.0:  0
Min <= -18.0:  0
Max Rain: 0.00 ON 01/07/17
Days of Rain: 0 (> .2 mm) 0 (> 2 mm) 0 (> 20 mm)
Heat Base:  18.3  Cool Base:  18.3  Method: Integration