NOAA Reports/Αναφορές NOAA

Select a Year or Month report
2018 > Jan Feb Mar Apr May Jun Jul Aug Sep Oct Nov Dec
2017 > Jan Feb Mar Apr May Jun Jul Aug Sep Oct Nov Dec
2016 > Jan Feb Mar Apr May Jun Jul Aug Sep Oct Nov Dec

Report for 2017 May
                   MONTHLY CLIMATOLOGICAL SUMMARY for MAY. 2017

NAME: Zakros Weather Station   CITY: Zakros   STATE: Greece 
ELEV:   265 m  LAT:  35 06' 00" N  LONG:  26 12' 00" E

                   TEMPERATURE (C), RAIN  (mm), WIND SPEED (km/hr)

                                      HEAT  COOL        AVG
    MEAN                              DEG   DEG         WIND                 DOM
DAY TEMP  HIGH   TIME   LOW    TIME   DAYS  DAYS  RAIN  SPEED HIGH   TIME    DIR
------------------------------------------------------------------------------------
 1  17.8  21.6   13:30  15.6    1:05   1.0   0.5   0.0   8.9  45.1   22:40   WNW
 2  19.2  23.9   13:40  14.8   23:40   0.6   1.5   0.0  10.6  48.3    1:35     W
 3  19.1  23.2   13:45  14.9    0:05   0.9   1.6   0.0   3.1  20.9    4:00   ESE
 4  20.6  25.1   15:15  15.6    1:50   0.3   2.6   0.0   4.8  32.2    3:10     W
 5  20.2  24.8   14:30  15.7    3:10   0.5   2.5   0.0   3.5  20.9   23:45   ENE
 6  22.8  28.3   12:40  18.5    2:55   0.0   4.5   0.0   4.2  24.1    0:45   WNW
 7  23.1  29.8   17:20  16.6    6:15   0.1   4.8   0.0   6.1  35.4    1:45   WNW
 8  24.6  28.3   18:10  18.3   22:45   0.0   6.3   0.0   9.8  46.7   11:45     W
 9  24.0  30.3    9:25  18.3   21:30   0.0   5.7   0.0   6.9  41.8    7:20     W
10  19.3  23.5   13:05  14.6    5:05   0.8   1.8   0.0   5.0  30.6    9:05   WNW
11  20.4  24.4   17:55  16.9    3:25   0.3   2.5   0.0   8.7  38.6    4:45   WNW
12  25.4  31.0   17:35  18.4    3:10   0.0   7.1   0.0   4.0  20.9    4:10   WNW
13  30.1  37.0   15:00  24.7    3:20   0.0  11.8   0.0   5.3  22.5    0:30   WNW
14  29.4  33.3   13:35  22.2    5:00   0.0  11.1   0.0   8.0  38.6    9:55     W
15  23.6  27.2   12:45  20.0   23:05   0.0   5.3   0.0  10.9  38.6   14:10   WNW
16  19.7  22.4   12:35  17.7   22:10   0.0   1.5   0.0  17.9  53.1   13:05     W
17  18.7  21.7    9:05  15.8   23:45   0.4   0.7   8.6   6.6  29.0    2:05   WNW
18  17.3  21.2   12:45  15.7    0:20   1.2   0.3   5.6   8.7  29.0   21:50   WNW
19  16.7  19.4   14:25  15.1   22:30   1.7   0.0  18.0   7.9  51.5   14:45   WNW
20  18.9  23.2   16:55  15.2    5:00   0.9   1.5   0.0   8.4  40.2    8:40   WNW
21  20.1  25.4   13:55  15.9    6:25   0.4   2.2   0.0   6.0  37.0   14:30   WNW
22  18.2  22.2   11:35  15.8    4:55   0.9   0.8   0.0   6.4  35.4   19:50   WNW
23  20.0  23.9   15:05  16.5    5:35   0.4   2.1   0.0   8.5  37.0   12:30   WNW
24  21.8  25.9   12:30  18.2    1:55   0.0   3.5   0.0   6.4  40.2    5:25   WNW
25  21.2  27.2   12:25  16.9    6:00   0.1   3.0   0.0   4.0  24.1   11:55   WNW
26  20.6  26.1   11:40  16.3    4:25   0.3   2.6   0.0   3.7  25.7   10:10   ENE
27  18.7  21.9   13:25  16.4    4:25   0.5   0.9   0.0   4.3  25.7   13:55   WNW
28  18.4  22.4   14:00  16.6    4:55   0.6   0.7   2.6   5.8  30.6   22:30   WNW
29  17.7  20.9   10:00  15.7   14:00   0.9   0.3  43.2   5.0  27.4    0:20     W
30  18.1  21.1   17:45  15.0    5:55   0.9   0.7   0.2   3.1  16.1   11:30   WNW
31  21.1  25.7   15:20  15.9    0:25   0.2   3.0   0.0   5.5  32.2    1:40     W
-------------------------------------------------------------------------------------
    20.9  37.0    13    14.6    10    13.8  93.5  78.2   6.7  53.1    16     WNW

Max >=  32.0:  2
Max <=   0.0:  0
Min <=   0.0:  0
Min <= -18.0:  0
Max Rain: 43.21 ON 29/05/17
Days of Rain: 6 (> .2 mm) 5 (> 2 mm) 1 (> 20 mm)
Heat Base:  18.3  Cool Base:  18.3  Method: Integration