NOAA Reports/Αναφορές NOAA

Select a Year or Month report
2018 > Jan Feb Mar Apr May Jun Jul Aug Sep Oct Nov Dec
2017 > Jan Feb Mar Apr May Jun Jul Aug Sep Oct Nov Dec
2016 > Jan Feb Mar Apr May Jun Jul Aug Sep Oct Nov Dec

Report for 2017 Feb
                   MONTHLY CLIMATOLOGICAL SUMMARY for FEB. 2017

NAME: Zakros Weather Station   CITY: Zakros   STATE: Greece 
ELEV:   265 m  LAT:  35 06' 00" N  LONG:  26 12' 00" E

                   TEMPERATURE (C), RAIN  (mm), WIND SPEED (km/hr)

                                      HEAT  COOL        AVG
    MEAN                              DEG   DEG         WIND                 DOM
DAY TEMP  HIGH   TIME   LOW    TIME   DAYS  DAYS  RAIN  SPEED HIGH   TIME    DIR
------------------------------------------------------------------------------------
 1   9.3  12.2   14:10   7.5    0:05   9.0   0.0   0.0  11.4  46.7    6:05     W
 2  10.8  14.6   12:00   8.2    0:15   7.4   0.0   0.0   2.6  19.3   12:35   WNW
 3  12.8  17.0   14:25   9.6    3:45   5.5   0.0   0.0   6.9  30.6   21:15     W
 4  13.1  16.6   14:15  10.8   21:20   5.2   0.0   0.0   7.2  32.2    2:20     W
 5  13.6  17.2   14:55  10.6    2:10   4.7   0.0   0.0  13.2  46.7   14:35     W
 6  14.7  18.3   13:25  12.7   22:45   3.6   0.0   0.0  15.1  46.7    4:55     W
 7  13.6  15.0   11:15  11.8   23:15   4.7   0.0   0.0   8.4  48.3   11:15   ESE
 8  12.6  16.3   12:10  10.4    7:10   5.7   0.0   6.4   3.5  24.1    1:45   WNW
 9  12.6  16.2   14:15  10.6    6:20   5.7   0.0   0.0   5.0  27.4   10:05   WNW
10  12.7  15.9   13:05  10.4   23:40   5.7   0.0  10.0   3.7  19.3   14:15   WNW
11  10.8  12.4   14:45   9.5   10:20   7.5   0.0  21.6   4.2  27.4   23:10   WNW
12   9.3  11.2   12:25   8.1   22:20   8.9   0.0   0.0  11.1  59.5   11:40   WNW
13   7.7   9.9   11:30   6.7   19:15  10.6   0.0   0.0  12.4  59.5   18:30   WNW
14   7.6  10.0   12:45   6.0    9:35  10.7   0.0   0.4   9.3  41.8   13:25   WNW
15   9.1  11.4   13:10   6.6    3:30   9.2   0.0   0.0  10.5  46.7   20:50   WNW
16   8.7  10.3   12:20   7.4    7:10   9.6   0.0   0.0  12.6  53.1   20:25   WNW
17   9.7  12.9   16:05   7.4   23:05   8.6   0.0   0.0  12.6  49.9    0:30     W
18  10.6  14.1   11:15   7.2    7:15   7.8   0.0   0.0   5.5  27.4   13:30   WNW
19  11.7  15.5   11:30   8.8    2:10   6.6   0.0   0.0   6.3  25.7   12:10   WNW
20  12.7  16.3   14:05   9.4    5:35   5.6   0.0   0.0   5.6  32.2   10:40     W
21  12.7  16.5   11:40   9.3    3:30   5.6   0.0   0.0   5.0  40.2   11:30   ESE
22  13.0  16.3   10:05  10.6   23:00   5.3   0.0   0.0   2.4  19.3   10:10   WNW
23  13.4  17.3   11:55  11.2    1:50   4.8   0.0   0.0   6.0  33.8   23:50     W
24  12.3  14.9   10:30   9.2    5:20   6.0   0.0   0.4   4.5  51.5    0:05     W
25  14.7  17.9   15:25  11.7    4:10   3.6   0.0   0.0   5.8  30.6   10:00   ESE
26  14.9  19.8   11:40  10.9    6:50   3.5   0.1   0.0   3.9  29.0   13:35     W
27  14.4  17.6   14:25  11.2    7:10   3.9   0.0   0.0   3.7  25.7   23:55   WNW
28  14.3  17.2   13:00  12.8   00:00   4.0   0.0   0.2   8.7  35.4    0:15   WNW
-------------------------------------------------------------------------------------
    11.9  19.8    26     6.0    14   179.1   0.1  39.0   7.4  59.5    12     WNW

Max >=  32.0:  0
Max <=   0.0:  0
Min <=   0.0:  0
Min <= -18.0:  0
Max Rain: 21.59 ON 11/02/17
Days of Rain: 6 (> .2 mm) 3 (> 2 mm) 1 (> 20 mm)
Heat Base:  18.3  Cool Base:  18.3  Method: Integration