NOAA Reports/Αναφορές NOAA

Select a Year or Month report
2018 > Jan Feb Mar Apr May Jun Jul Aug Sep Oct Nov Dec
2017 > Jan Feb Mar Apr May Jun Jul Aug Sep Oct Nov Dec
2016 > Jan Feb Mar Apr May Jun Jul Aug Sep Oct Nov Dec

Report for 2017 Jan
                   MONTHLY CLIMATOLOGICAL SUMMARY for JAN. 2017

NAME: Zakros Weather Station   CITY: Zakros   STATE: Greece 
ELEV:   265 m  LAT:  35 06' 00" N  LONG:  26 12' 00" E

                   TEMPERATURE (C), RAIN  (mm), WIND SPEED (km/hr)

                                      HEAT  COOL        AVG
    MEAN                              DEG   DEG         WIND                 DOM
DAY TEMP  HIGH   TIME   LOW    TIME   DAYS  DAYS  RAIN  SPEED HIGH   TIME    DIR
------------------------------------------------------------------------------------
 1   6.5   8.9   11:05   4.6    1:15  11.8   0.0   1.6   5.6  32.2   21:55   WNW
 2   8.9  13.2   14:30   5.8    8:45   9.3   0.0   0.8   5.5  35.4    0:05   WNW
 3  11.2  15.6   11:45   7.9    2:05   7.1   0.0   0.0   4.8  24.1    6:55   WNW
 4  12.6  16.1   10:45   9.6    2:10   5.7   0.0   2.8   8.2  56.3   23:45     W
 5  13.6  15.7   10:30  12.2    5:55   4.7   0.0   8.6   8.5  53.1    0:10     W
 6  12.3  14.8   10:50   9.0   21:35   6.0   0.0  22.2   9.7  54.7   23:45   ESE
 7   6.9   9.9    1:00   4.4   21:40  11.4   0.0   1.8   6.4  41.8    8:55     W
 8   3.0   4.9    1:15   0.9   11:20  15.3   0.0  30.0   5.1  37.0   21:45   WNW
 9   4.7   7.8   11:10   1.7    3:00  13.6   0.0   3.4   4.0  22.5    0:50   WNW
10   6.9  10.7   11:40   4.7    8:05  11.4   0.0  23.8   7.1  45.1   11:10     W
11   9.5  13.9   12:40   4.2    3:05   8.8   0.0   3.8   5.6  37.0   12:20   WNW
12  12.1  16.6   14:30   8.9    5:00   6.2   0.0   0.0   7.4  51.5    8:00     W
13  10.9  14.3   14:40   8.2    6:20   7.4   0.0   0.0   4.8  40.2    3:10   WNW
14  12.5  16.9   13:10   8.8    3:00   5.8   0.0   0.2   8.2  40.2   21:05     W
15  13.2  15.9   14:05  11.1    8:05   5.1   0.0   0.2   6.9  43.5    0:25     W
16  13.6  16.6   10:50  11.3   14:50   4.7   0.0   5.4   6.0  45.1    2:40   WSW
17  13.2  15.9   10:40   9.8   21:35   5.1   0.0   0.2   4.2  29.0   13:30     W
18  12.8  16.1   12:40  10.1    2:45   5.5   0.0   0.0   4.7  29.0   12:05     W
19  13.0  17.7   13:15   9.9    3:30   5.3   0.0   0.2   6.4  33.8    5:25     W
20  10.4  12.9   12:40   9.1   23:20   7.8   0.0   1.4   5.8  33.8   23:25   WNW
21   9.8  12.6   11:35   8.4   23:30   8.5   0.0   0.0   9.3  48.3   15:55   WNW
22   9.2  12.4   14:15   7.6    5:25   9.1   0.0   0.0   5.0  32.2    4:25   WNW
23  10.7  13.2   10:45   7.9    5:25   7.6   0.0   0.0   6.6  35.4   23:15   WNW
24  12.7  13.9   13:00  11.2    6:35   5.6   0.0  12.6  11.7  35.4    1:30   ESE
25  11.2  14.9   12:45   9.1   00:00   7.1   0.0   0.0   5.1  32.2    1:15   WNW
26   8.4  10.3   10:20   7.1   00:00   9.9   0.0   2.2   7.6  51.5   18:30   WNW
27   5.9   7.7   13:20   4.2    6:05  12.4   0.0   0.0  10.1  61.2    1:15   WNW
28   7.3   9.8   12:35   5.4    0:15  11.0   0.0   0.0   8.0  46.7   15:15   WNW
29   8.1  10.9   10:55   5.4    2:40  10.2   0.0   0.0   2.4  12.9    1:00   WNW
30   9.1  12.4   12:15   7.4    0:05   9.2   0.0   0.0   3.7  25.7    9:55   WNW
31   8.9  11.4   13:15   7.5   00:00   9.4   0.0   0.0   9.5  45.1   20:10   WNW
-------------------------------------------------------------------------------------
    10.0  17.7    19     0.9     8   258.1   0.0 121.2   6.6  61.2    27     WNW

Max >=  32.0:  0
Max <=   0.0:  0
Min <=   0.0:  0
Min <= -18.0:  0
Max Rain: 30.00 ON 08/01/17
Days of Rain: 18 (> .2 mm) 10 (> 2 mm) 3 (> 20 mm)
Heat Base:  18.3  Cool Base:  18.3  Method: Integration