NOAA Reports/Αναφορές NOAA

Select a Year or Month report
2018 > Jan Feb Mar Apr May Jun Jul Aug Sep Oct Nov Dec
2017 > Jan Feb Mar Apr May Jun Jul Aug Sep Oct Nov Dec
2016 > Jan Feb Mar Apr May Jun Jul Aug Sep Oct Nov Dec

Report for 2016 Dec
                   MONTHLY CLIMATOLOGICAL SUMMARY for DEC. 2016

NAME: Zakros Weather Station   CITY: Zakros   STATE: Greece 
ELEV:   265 m  LAT:  35 06' 00" N  LONG:  26 12' 00" E

                   TEMPERATURE (C), RAIN  (mm), WIND SPEED (km/hr)

                                      HEAT  COOL        AVG
    MEAN                              DEG   DEG         WIND                 DOM
DAY TEMP  HIGH   TIME   LOW    TIME   DAYS  DAYS  RAIN  SPEED HIGH   TIME    DIR
------------------------------------------------------------------------------------
 1
 2
 3
 4
 5
 6
 7
 8
 9
10
11  13.4  16.2   15:10  12.2   18:55   1.8   0.0   0.0   3.2  19.3   17:10   WNW
12  14.4  18.6   13:05  11.7    5:35   3.8   0.0   0.0   6.4  35.4   13:50   WNW
13  11.7  13.6    1:40   9.0   23:05   6.6   0.0   9.8   5.3  53.1   20:10   WNW
14   8.0   9.6    0:05   6.8   23:50  10.3   0.0   0.0  12.4  56.3    2:45   WNW
15   9.7  13.4   13:55   6.3    5:00   8.6   0.0   0.0   6.1  48.3    1:25   WNW
16  10.6  12.9   10:20   9.4   20:35   7.7   0.0   0.0   5.6  30.6   00:00   WNW
17   8.9  10.6   10:45   8.2    7:40   9.4   0.0   0.0   6.9  37.0    5:50    NW
18   8.9  11.2   11:50   7.8    4:45   9.4   0.0   0.0   9.2  48.3    5:20   WNW
19   9.9  12.1   11:40   7.8    1:00   8.4   0.0   0.0   7.6  40.2   20:55   WNW
20  10.8  13.6   12:55   9.0    2:00   7.5   0.0   0.0   8.7  38.6    8:20   WNW
21   9.7  11.2    2:20   6.1   23:55   8.6   0.0   0.4   8.7  49.9   14:55   WNW
22   7.1   9.6   11:55   3.9    7:50  11.2   0.0  17.4   6.9  51.5   11:30   WNW
23   7.3   9.8   14:25   5.7    7:55  11.0   0.0  26.8   4.7  29.0   20:50   WNW
24   9.1  11.2   11:40   5.6    5:00   9.3   0.0  23.8   6.9  37.0   11:20   WNW
25  10.8  13.2   11:40   9.4    6:55   7.5   0.0   0.0   8.7  56.3    5:20   WNW
26   9.9  12.2   13:05   7.7   20:20   8.4   0.0   5.6   6.3  40.2   23:55   WNW
27  10.5  12.6   12:00   9.2    5:05   7.8   0.0   0.0  10.8  56.3    8:40   WNW
28  10.1  14.8   11:00   4.8   00:00   8.2   0.0   8.0   5.1  38.6   20:40   WNW
29   5.9   8.9   14:30   4.0    0:30  12.4   0.0  11.4   8.4  43.5    0:50   WNW
30   6.0   8.3   10:50   4.2   22:05  12.3   0.0  15.0   8.0  40.2    3:20   WNW
31   5.7   8.6   12:15   4.0    6:25  12.6   0.0   5.0   5.8  35.4   13:00   WNW
-------------------------------------------------------------------------------------
     9.5  18.6    12     3.9    22   182.7   0.0 123.2   7.2  56.3    14     WNW

Max >=  32.0:  0
Max <=   0.0:  0
Min <=   0.0:  0
Min <= -18.0:  0
Max Rain: 26.80 ON 23/12/16
Days of Rain: 10 (> .2 mm) 9 (> 2 mm) 2 (> 20 mm)
Heat Base:  18.3  Cool Base:  18.3  Method: Integration