NOAA Reports/Αναφορές NOAA

Select a Year or Month report
2018 > Jan Feb Mar Apr May Jun Jul Aug Sep Oct Nov Dec
2017 > Jan Feb Mar Apr May Jun Jul Aug Sep Oct Nov Dec
2016 > Jan Feb Mar Apr May Jun Jul Aug Sep Oct Nov Dec

Report for 2018 05
                   MONTHLY CLIMATOLOGICAL SUMMARY for MAY. 2018

NAME: Zakros Weather Station   CITY: Zakros   STATE: Greece 
ELEV:   265 m  LAT:  35 06' 00" N  LONG:  26 12' 00" E

                   TEMPERATURE (C), RAIN  (mm), WIND SPEED (km/hr)

                                      HEAT  COOL        AVG
    MEAN                              DEG   DEG         WIND                 DOM
DAY TEMP  HIGH   TIME   LOW    TIME   DAYS  DAYS  RAIN  SPEED HIGH   TIME    DIR
------------------------------------------------------------------------------------
 1  23.4  28.4   12:20  20.1   23:30   0.0   5.1   0.0   6.8  35.4    5:00   WNW
 2  22.8  26.4   12:25  19.6    6:40   0.0   4.5   0.0   4.0  19.3   14:30   WNW
 3  21.3  25.7   13:45  18.1    3:30   0.0   3.0   0.0   4.3  27.4   11:25   ESE
 4  20.6  25.2   14:05  17.6   23:10   0.1   2.4   0.0  12.1  43.5   23:55   WNW
 5  20.3  24.3   14:30  15.1    6:35   0.2   2.2   0.0   7.6  43.5    2:55     W
 6  19.0  23.6   13:35  16.1    4:20   0.5   1.2   0.0   4.2  22.5    6:05   WNW
 7  18.1  21.7   11:15  15.4    5:35   0.8   0.6   0.0   4.7  37.0   12:40   WNW
 8  19.2  22.3   17:20  16.6    7:05   0.4   1.3   0.2   9.3  41.8   13:10   WNW
 9  21.5  26.3   15:15  17.4    6:00   0.1   3.2   0.0   6.3  40.2   14:20   ESE
10  21.0  28.1   12:25  16.7    4:30   0.1   2.8   6.8   4.5  24.1   12:50     E
11  19.8  23.7   12:25  16.7    6:30   0.2   1.7   0.0   7.7  38.6   11:30   WNW
12  18.9  22.2   14:25  16.8   23:40   0.3   0.9   0.0   8.9  45.1    5:45   WNW
13  19.1  22.8   14:50  16.3    5:15   0.6   1.3   0.0  13.8  57.9    9:05   WNW
14  20.6  24.1   15:00  16.8    6:15   0.1   2.3   0.0   5.1  30.6    1:20     E
15  22.1  26.2   14:25  17.1    4:10   0.1   3.9   0.0   3.4  24.1   15:40     E
16  25.7  30.9   16:20  19.9    6:40   0.0   7.4   0.0   5.0  25.7   23:50     E
17  27.9  32.0   10:45  24.0    6:40   0.0   9.6   0.0   5.1  25.7   15:05   WNW
18  27.9  33.2   13:35  24.3    6:35   0.0   9.7   0.0   5.1  27.4    3:00   WNW
19  28.7  33.8   12:40  24.7    2:20   0.0  10.3   0.0   7.7  37.0   13:20     W
20  26.1  30.7   11:55  23.0   21:00   0.0   7.8   0.0   2.4  17.7   14:15   WNW
21  24.3  28.1   10:55  21.2    2:45   0.0   6.0   0.0   6.0  37.0   13:10   WNW
22  23.1  26.6   17:00  21.0    5:50   0.0   4.8   0.0   8.5  40.2    7:30   WNW
23  24.2  28.7   12:20  20.6    2:35   0.0   5.9   0.0   4.3  29.0    5:05     E
24  23.4  28.3    1:05  19.4   23:45   0.0   5.1   0.0   9.0  37.0   22:20     W
25  21.4  24.8   14:35  18.6    4:15   0.0   3.1   0.0   8.5  41.8   13:55   WNW
26  19.8  20.1    5:00  19.5    1:35   0.0   0.3   0.0   5.8  33.8    3:25   WNW
27
28
29
30
31
-------------------------------------------------------------------------------------
    22.3  33.8    19    15.1     5     3.4 106.5   7.0   6.5  57.9    13     WNW

Max >=  32.0:  3
Max <=   0.0:  0
Min <=   0.0:  0
Min <= -18.0:  0
Max Rain: 6.81 ON 10/05/18
Days of Rain: 2 (> .2 mm) 1 (> 2 mm) 0 (> 20 mm)
Heat Base:  18.3  Cool Base:  18.3  Method: Integration