NOAA Reports/Αναφορές NOAA

Select a Year or Month report
2017 > Jan Feb Mar Apr May Jun Jul Aug Sep Oct Nov Dec
2016 > Jan Feb Mar Apr May Jun Jul Aug Sep Oct Nov Dec

Report for 2017 08
                   MONTHLY CLIMATOLOGICAL SUMMARY for AUG. 2017

NAME: Zakros Weather Station   CITY: Zakros   STATE: Greece 
ELEV:   265 m  LAT:  35 06' 00" N  LONG:  26 12' 00" E

                   TEMPERATURE (C), RAIN  (mm), WIND SPEED (km/hr)

                                      HEAT  COOL        AVG
    MEAN                              DEG   DEG         WIND                 DOM
DAY TEMP  HIGH   TIME   LOW    TIME   DAYS  DAYS  RAIN  SPEED HIGH   TIME    DIR
------------------------------------------------------------------------------------
 1  25.5  28.4   14:05  23.4   20:45   0.0   7.2   0.0  23.7  54.7    0:20     W
 2  24.8  27.7   13:45  22.7   22:10   0.0   6.5   0.0  22.0  54.7    7:00     W
 3  25.3  28.4   12:50  22.9    0:15   0.0   7.0   0.0  20.1  51.5   22:00     W
 4  26.9  30.2   15:00  24.6    6:40   0.0   8.6   0.0  17.2  59.5   17:20   WNW
 5  27.3  30.7   13:40  24.7    6:15   0.0   9.0   0.0   9.8  40.2   11:45   WNW
 6  28.2  31.8   13:05  25.1    0:05   0.0   9.9   0.0  12.1  38.6    7:25   WNW
 7  28.3  31.8   15:55  26.3    6:45   0.0  10.0   0.0  10.5  35.4   23:25   WNW
 8  29.2  33.1   12:30  27.1   21:20   0.0  10.9   0.0  15.9  43.5   22:10     W
 9  28.1  30.9   11:35  25.2   23:50   0.0   9.8   0.0  21.9  57.9   23:20     W
10  27.4  30.9   13:20  25.3    0:05   0.0   9.1   0.0  23.8  61.2   18:50     W
11  28.2  30.8   14:55  26.1    6:55   0.0   9.9   0.0  26.1  66.0   10:05     W
12  28.6  32.5   14:50  26.1    3:20   0.0  10.3   0.0  17.4  53.1    0:50     W
13  28.9  32.9   10:05  24.1   23:55   0.0  10.6   0.0   8.9  37.0    0:30     W
14  25.3  28.8   12:25  23.2    4:30   0.0   7.1   0.0  14.2  49.9   20:10   WNW
15  25.0  28.6   15:50  23.1   22:50   0.0   6.7   0.0  12.1  49.9   13:05   WNW
16  24.7  28.3   16:15  22.8    2:05   0.0   6.4   0.2   9.2  51.5    4:05   WNW
17  24.9  27.5   15:20  23.1    6:15   0.0   4.5   2.2  15.1  51.5   14:00   WNW
18
19
20
21
22
23
24
25
26
27
28
29
30
31
-------------------------------------------------------------------------------------
    26.9  33.1     8    22.7     2     0.0 143.6   2.4  16.5  66.0    11       W

Max >=  32.0:  3
Max <=   0.0:  0
Min <=   0.0:  0
Min <= -18.0:  0
Max Rain: 2.21 ON 17/08/17
Days of Rain: 2 (> .2 mm) 1 (> 2 mm) 0 (> 20 mm)
Heat Base:  18.3  Cool Base:  18.3  Method: Integration