NOAA Reports/Αναφορές NOAA

Select a Year or Month report
2017 > Jan Feb Mar Apr May Jun Jul Aug Sep Oct Nov Dec
2016 > Jan Feb Mar Apr May Jun Jul Aug Sep Oct Nov Dec

Report for 2017 04
                   MONTHLY CLIMATOLOGICAL SUMMARY for APR. 2017

NAME: Zakros Weather Station   CITY: Zakros   STATE: Greece 
ELEV:   265 m  LAT:  35 06' 00" N  LONG:  26 12' 00" E

                   TEMPERATURE (C), RAIN  (mm), WIND SPEED (km/hr)

                                      HEAT  COOL        AVG
    MEAN                              DEG   DEG         WIND                 DOM
DAY TEMP  HIGH   TIME   LOW    TIME   DAYS  DAYS  RAIN  SPEED HIGH   TIME    DIR
------------------------------------------------------------------------------------
 1  12.4  14.1   16:25  11.3   10:50   5.9   0.0   1.8  17.9  49.9    5:55     W
 2  14.2  18.9   13:40  11.6   23:35   4.1   0.0   0.0   9.2  41.8    2:10     W
 3  16.4  21.1   13:10  11.0    7:05   2.6   0.8   0.0   5.0  30.6   18:00   WNW
 4  16.2  19.7   10:35  12.7   22:30   2.2   0.1   0.0   5.8  30.6   11:15   ESE
 5  15.1  18.9   15:00  12.2    6:40   3.2   0.0   0.0   3.4  24.1   12:15     W
 6  15.7  19.6   15:30  12.5    2:35   2.7   0.0   0.0   7.4  35.4   22:00   WNW
 7  15.2  18.7   11:55  12.2    6:40   3.1   0.0   0.0   5.1  22.5    1:05   WNW
 8  14.2  16.8   12:25  11.7   21:50   4.1   0.0   0.0   4.3  25.7   12:25   WNW
 9  14.0  17.4   13:45  11.4    1:00   4.3   0.0   0.0   7.2  35.4   13:35   WNW
10  14.2  17.2   12:10  12.5    0:05   4.1   0.0   0.0   7.1  32.2   15:20   WNW
11  14.6  18.5   12:00  12.3    1:05   3.7   0.0   0.4   6.8  29.0    5:55   WNW
12  13.0  15.2   13:05  11.2    5:35   5.3   0.0   7.8   6.1  25.7    5:55   WNW
13  14.4  17.4   14:45  12.4    6:05   3.9   0.0  15.8  12.4  40.2   12:35   WNW
14  18.1  22.4   15:35  14.6    0:05   1.4   1.2   0.0   9.3  35.4   11:00   WNW
15  17.6  21.9   13:35  13.7   23:10   1.6   0.8   0.0   3.5  27.4    0:50     W
16  17.0  21.5   14:20  11.3    4:25   1.8   0.5   0.0   8.7  37.0    9:00     W
17  17.3  22.3   13:30  14.2    4:55   1.5   0.5   0.0   9.8  41.8    9:50     W
18  16.9  20.9   12:40  13.6    7:00   1.8   0.4   0.0   4.5  22.5    0:55   WNW
19  16.9  20.8   15:30  12.3    6:55   1.9   0.5   0.0   8.0  41.8   16:25     W
20  21.2  27.5   14:45  15.1    3:35   0.3   3.2   0.0   6.9  45.1   10:15     W
21  15.9  19.3   12:00  12.9   23:30   2.4   0.0   0.0   9.2  48.3   10:10   WNW
22  12.1  16.3   11:40   8.8   21:55   6.2   0.0   2.6   6.6  35.4    5:00   WNW
23  12.5  17.4   14:50   8.6    0:30   5.8   0.0   1.0   4.5  37.0    0:55   WNW
24  14.7  18.9   15:00   9.7    0:10   3.6   0.0   0.0   4.2  24.1    3:35   ESE
25  16.9  22.4   13:40  13.7    5:20   2.0   0.7   0.0   5.6  22.5    4:15   WNW
26  17.7  22.8   13:35  12.3    4:15   1.7   1.0   0.0   4.5  24.1    9:55   WNW
27  18.4  24.3   14:30  13.3    1:05   1.0   1.1   0.0   6.3  32.2    7:00   WNW
28
29
30
-------------------------------------------------------------------------------------
    15.7  27.5    20     8.6    23    82.3  10.9  29.4   7.0  49.9     1     WNW

Max >=  32.0:  0
Max <=   0.0:  0
Min <=   0.0:  0
Min <= -18.0:  0
Max Rain: 15.80 ON 13/04/17
Days of Rain: 6 (> .2 mm) 3 (> 2 mm) 0 (> 20 mm)
Heat Base:  18.3  Cool Base:  18.3  Method: Integration