NOAA Reports/Αναφορές NOAA

Select a Year or Month report
2018 > Jan Feb Mar Apr May Jun Jul Aug Sep Oct Nov Dec
2017 > Jan Feb Mar Apr May Jun Jul Aug Sep Oct Nov Dec
2016 > Jan Feb Mar Apr May Jun Jul Aug Sep Oct Nov Dec

Report for 2018 02
                   MONTHLY CLIMATOLOGICAL SUMMARY for FEB. 2018

NAME: Zakros Weather Station   CITY: Zakros   STATE: Greece 
ELEV:   265 m  LAT:  35 06' 00" N  LONG:  26 12' 00" E

                   TEMPERATURE (C), RAIN  (mm), WIND SPEED (km/hr)

                                      HEAT  COOL        AVG
    MEAN                              DEG   DEG         WIND                 DOM
DAY TEMP  HIGH   TIME   LOW    TIME   DAYS  DAYS  RAIN  SPEED HIGH   TIME    DIR
------------------------------------------------------------------------------------
 1  12.2  15.8   14:05   9.1    6:15   6.1   0.0   0.0   2.9  27.4   13:40   WNW
 2  13.6  15.9   14:40  11.9    6:25   4.7   0.0   0.0   3.4  29.0   11:35   ESE
 3  14.1  15.8    9:55  13.1    2:50   4.2   0.0   0.0   9.3  40.2   16:55   ESE
 4  14.9  18.1   13:00  13.5    0:25   3.4   0.0   0.0  10.9  49.9    2:40   ESE
 5  14.9  17.9   10:30  13.0   23:30   3.4   0.0   0.0  12.9  43.5    5:05     W
 6  12.8  16.1   11:00  10.3   23:00   5.5   0.0   0.0   4.2  25.7   13:25   WNW
 7  13.5  15.6   19:05  10.9    2:50   4.8   0.0   2.2   3.2  22.5   17:05   ESE
 8  15.2  18.1    9:20  12.7   22:50   3.2   0.0   0.0   6.1  35.4   10:00   WNW
 9  13.1  15.6   11:15  10.7    3:20   5.2   0.0   0.0   2.1  22.5    6:05   WNW
10  13.5  15.4   20:35  11.6    2:35   4.7   0.0   0.0   8.9  64.4   21:30   ESE
11  13.9  17.7   12:20  11.2   00:00   4.4   0.0   0.0   8.7  72.4    0:15     W
12  11.8  15.2   10:55   8.1    6:40   6.5   0.0   0.0   4.5  24.1   19:55   WNW
13  12.6  16.3   12:50   9.3    0:20   5.7   0.0   0.0   4.3  32.2    6:00     W
14  13.2  15.9   11:25  10.9   21:55   5.1   0.0   1.0   8.9  41.8    3:25     W
15  10.9  14.8   11:50   8.3   15:00   7.4   0.0  19.8   6.4  51.5   10:20     W
16  10.0  13.6   12:10   7.0    8:15   8.3   0.0  22.8   2.4  24.1   12:50   WNW
17  12.1  14.1   13:00  10.6    1:30   6.2   0.0   3.8  13.2  56.3   19:00   WNW
18  13.1  18.6   14:20  10.9    4:20   5.2   0.0   0.0  13.2  59.5    0:50   WNW
19  12.4  15.6   11:40  10.4    0:45   5.9   0.0   0.0   4.7  19.3    4:15     W
20  13.1  17.1   14:30  10.6    1:40   5.2   0.0   0.4   4.2  33.8    9:50     W
21  11.9  14.4   15:40  10.0    7:05   6.4   0.0  23.6   2.9  25.7   14:20   WNW
22  13.1  17.1   11:35  10.4    3:50   5.2   0.0   0.0   2.4  19.3    0:15   WNW
23  12.8  16.7   11:15  10.1    6:05   5.5   0.0   0.0   4.7  17.7    4:40   WNW
24  12.4  15.4   10:50  10.6    1:05   2.8   0.0   0.0   5.1  43.5   11:30   ESE
25
26
27
28
-------------------------------------------------------------------------------------
    13.0  18.6    18     7.0    16   125.1   0.0  73.6   6.2  72.4    11     WNW

Max >=  32.0:  0
Max <=   0.0:  0
Min <=   0.0:  0
Min <= -18.0:  0
Max Rain: 23.60 ON 21/02/18
Days of Rain: 7 (> .2 mm) 5 (> 2 mm) 2 (> 20 mm)
Heat Base:  18.3  Cool Base:  18.3  Method: Integration