NOAA Reports/Αναφορές NOAA

Select a Year or Month report
2017 > Jan Feb Mar Apr May Jun Jul Aug Sep Oct Nov Dec
2016 > Jan Feb Mar Apr May Jun Jul Aug Sep Oct Nov Dec

Report for 2017 06
                   MONTHLY CLIMATOLOGICAL SUMMARY for JUN. 2017

NAME: Zakros Weather Station   CITY: Zakros   STATE: Greece 
ELEV:   265 m  LAT:  35 06' 00" N  LONG:  26 12' 00" E

                   TEMPERATURE (C), RAIN  (mm), WIND SPEED (km/hr)

                                      HEAT  COOL        AVG
    MEAN                              DEG   DEG         WIND                 DOM
DAY TEMP  HIGH   TIME   LOW    TIME   DAYS  DAYS  RAIN  SPEED HIGH   TIME    DIR
------------------------------------------------------------------------------------
 1  22.8  26.8   12:20  18.1    3:20   0.0   4.5   0.0   3.2  17.7   11:30   ESE
 2  26.3  30.6   15:55  23.2   22:40   0.0   8.0   0.0   7.2  38.6    4:15   WNW
 3  25.1  28.7   17:20  20.9    3:40   0.0   6.8   0.0   2.7  19.3   13:50   WNW
 4  23.3  27.4   14:25  19.4    2:45   0.0   5.0   0.0   2.6  17.7   14:35   ENE
 5  22.9  27.1   11:55  19.3    1:10   0.0   4.7   0.0   6.3  30.6    3:30     W
 6  23.2  26.8   13:30  19.4    0:05   0.0   4.9   0.0   4.2  24.1   13:45   WNW
 7  24.1  28.4   12:40  19.9    5:40   0.0   5.8   0.0   4.0  24.1   14:45   WNW
 8  23.8  27.4   11:35  20.9   23:35   0.0   5.5   4.0   7.6  41.8    0:35   WNW
 9  23.4  27.5   12:50  20.3    2:50   0.0   5.2   0.0  10.1  45.1    4:35   WNW
10  23.6  27.0   16:10  20.7    6:00   0.0   5.3   0.0   8.9  37.0    4:50   WNW
11  23.7  28.0   11:55  20.6   23:00   0.0   5.4   0.0   6.8  40.2    6:45   WNW
12  22.2  25.6   13:35  20.1    7:00   0.0   3.9   0.0  12.6  40.2    3:00     W
13  22.1  25.9   15:40  19.7    3:35   0.0   3.8   0.0  14.0  43.5   22:40     W
14  24.7  28.6   13:30  20.7    0:05   0.0   6.4   0.0  15.4  46.7    0:20   WNW
15  28.0  32.7   17:05  24.3    4:05   0.0   9.7   0.0   7.7  32.2    0:05   WNW
16  27.0  30.9   10:10  22.7   22:35   0.0   8.7   0.0   4.8  30.6    3:05   WNW
17  25.7  29.2   13:05  21.7    5:45   0.0   7.4   0.0   3.4  20.9    0:50   ESE
18  23.3  26.9    9:20  20.6   00:00   0.0   5.1   0.0   4.3  27.4   12:55   ESE
19  21.3  24.2   12:55  19.6    6:15   0.0   3.0   0.0   7.9  48.3   13:05   WNW
20  21.4  24.5   14:45  19.1    4:45   0.0   3.1   0.0   9.7  43.5   12:45   WNW
21  23.1  26.4   16:00  20.1    6:05   0.0   4.8   0.0   8.9  43.5   13:10   WNW
22  24.6  28.3   16:00  21.1    1:30   0.0   6.3   0.0  14.0  40.2   20:35   WNW
23  27.3  31.3   14:05  24.0    0:20   0.0   9.0   0.0  13.8  45.1    7:45   WNW
24  29.4  33.9   15:40  25.2    6:15   0.0  10.3   0.0   7.6  29.0    8:10   WNW
25
26
27
28
29
30
-------------------------------------------------------------------------------------
    24.3  33.9    24    18.1     1     0.0 142.3   4.0   7.8  48.3    19     WNW

Max >=  32.0:  2
Max <=   0.0:  0
Min <=   0.0:  0
Min <= -18.0:  0
Max Rain: 3.99 ON 08/06/17
Days of Rain: 1 (> .2 mm) 1 (> 2 mm) 0 (> 20 mm)
Heat Base:  18.3  Cool Base:  18.3  Method: Integration