NOAA Reports/Αναφορές NOAA

Select a Year or Month report
2017 > Jan Feb Mar Apr May Jun Jul Aug Sep Oct Nov Dec
2016 > Jan Feb Mar Apr May Jun Jul Aug Sep Oct Nov Dec

Report for 2017 03
                   MONTHLY CLIMATOLOGICAL SUMMARY for MAR. 2017

NAME: Zakros Weather Station   CITY: Zakros   STATE: Greece 
ELEV:   265 m  LAT:  35 06' 00" N  LONG:  26 12' 00" E

                   TEMPERATURE (C), RAIN  (mm), WIND SPEED (km/hr)

                                      HEAT  COOL        AVG
    MEAN                              DEG   DEG         WIND                 DOM
DAY TEMP  HIGH   TIME   LOW    TIME   DAYS  DAYS  RAIN  SPEED HIGH   TIME    DIR
------------------------------------------------------------------------------------
 1  14.6  19.6   14:05  10.4    6:55   3.8   0.0   0.0   5.0  30.6    0:50   WNW
 2  13.6  17.2   10:50  10.4   23:40   4.8   0.0   0.0   6.0  41.8   14:30   WNW
 3  12.9  16.4   12:55  10.6    0:30   5.4   0.0   0.0   9.8  48.3   15:45   WNW
 4  14.1  19.2   13:35  11.7   19:45   4.2   0.0   0.0   9.7  41.8    1:00     W
 5  14.4  18.1   12:30  10.9    6:15   3.9   0.0   0.0   5.3  24.1   15:05   WNW
 6  14.1  18.3   14:05   9.9    5:15   4.2   0.0   0.0   6.1  32.2    9:25     W
 7  14.5  18.1   11:15  12.8    6:05   3.8   0.0   0.4   9.3  46.7   13:50     W
 8  13.4  17.5   11:10  10.4   19:50   4.9   0.0  15.0   8.0  51.5   13:40   ESE
 9  11.8  15.6   11:45   9.9   23:20   6.5   0.0  20.4   4.0  30.6    0:30   ESE
10  11.1  13.7   11:20   9.1    4:05   7.2   0.0   8.4   2.1  17.7    7:15   WNW
11  11.1  14.3   14:00   8.8   20:25   7.2   0.0  31.6   2.9  24.1   23:25   WNW
12  10.7  12.7   11:50   8.3    3:00   7.6   0.0  18.8   6.1  48.3   17:25   WNW
13  12.7  16.7   14:25   9.2    5:40   5.6   0.0   0.0   4.8  32.2    0:15   WNW
14  11.2  12.6    7:55   9.7   23:45   7.2   0.0   2.8   4.2  24.1    3:05   WNW
15  10.9  13.8   12:25   8.7    0:55   7.3   0.0   2.8   7.9  38.6   12:30   WNW
16  11.0  13.6   14:00   9.6    4:50   7.3   0.0   0.2   4.8  27.4   10:40   WNW
17  11.8  15.2   12:05   9.4    2:20   6.5   0.0   0.0   6.0  27.4   23:05   WNW
18  11.6  14.3   13:05   9.1    5:40   6.7   0.0   0.0  12.1  46.7   21:50   WNW
19  13.8  19.6   14:30   9.2    5:40   4.5   0.1   0.0   3.2  17.7    2:20   WNW
20  14.4  18.8   11:35  10.4    5:05   3.9   0.0   0.0   3.5  17.7   11:10   WNW
21  14.9  18.6   13:30  11.9    3:20   3.4   0.0   0.0   3.1  35.4   00:00   WNW
22  13.6  16.0   13:15  10.3    6:15   4.7   0.0   0.8   6.9  56.3    1:45   WNW
23  15.3  19.3   12:50  13.0    1:50   3.0   0.1   0.0  19.2  48.3    6:10     W
24  16.2  20.1   12:55  13.2    3:35   2.3   0.2   0.0  17.5  46.7    7:35     W
25  16.2  20.5   11:10  11.3   23:55   2.4   0.3   0.0   9.0  41.8    7:10     W
26  16.7  22.8   15:50  11.2    6:10   2.4   0.9   0.0   3.4  19.3   23:55   WNW
27  16.3  20.6   13:55  13.5    2:45   2.2   0.2   0.0   6.8  35.4   18:55   WNW
28  12.8  15.4   12:35  11.5    8:40   2.9   0.0   0.8   9.7  43.5    6:40     W
29
30
31
-------------------------------------------------------------------------------------
    13.4  22.8    26     8.3    12   135.8   1.9 102.0   7.0  56.3    22     WNW

Max >=  32.0:  0
Max <=   0.0:  0
Min <=   0.0:  0
Min <= -18.0:  0
Max Rain: 31.60 ON 11/03/17
Days of Rain: 11 (> .2 mm) 7 (> 2 mm) 2 (> 20 mm)
Heat Base:  18.3  Cool Base:  18.3  Method: Integration